 - 79, 51 = -3*k - 0*r - 3*r. Let d = -6 - k. What is the units digit of d?
9
Suppose 5*y + 4 = y, 4*y + 24 = 5*s. Suppose 2*t + 75 = -q + s*q, t + 125 = 5*q. What is the units digit of q?
5
Suppose -9 - 1 = 2*c. Let m be (-3 - c)*1/(-2). What is the units digit of (1 - -2) + (-11)/m?
4
Suppose h - 3 = -4. Let w be h/((-3)/(-72)*1). Let x = -10 - w. What is the tens digit of x?
1
Suppose -2*b + 3*d = -122, 0*d - 3*d + 198 = 3*b. What is the units digit of b?
4
Suppose 4*u = -x + 14 + 19, 5*x = -5*u + 30. Suppose 5*j - 10 = -o, -3*j = j - 3*o - 27. Suppose u = 3*f - j. What is the units digit of f?
4
Suppose -3*c - 3 = 5*g, -3*c + 4*g - 1 = -25. Suppose -4*b = -16, c*o + 5*b = -19 + 171. What is the units digit of o?
3
Suppose -2*l - 2 - 6 = 0. Let g = l - -13. What is the units digit of g?
9
Suppose x - 4*n - 4 = 0, 4*x - 7*x + 4*n = -12. Let w(j) = j**3 - j**2 - 4*j - 1. What is the tens digit of w(x)?
3
Suppose 3*j = 2*j + 49. Let k = j - 27. Let c = k - 12. What is the units digit of c?
0
Suppose -2 = -o + 4*d + 2, -3*o = 4*d + 4. Suppose o = -j - 4*j + 30. What is the units digit of j?
6
Let y(s) = -7*s + 2. What is the tens digit of y(-8)?
5
Let t = -12 + 12. Let k(b) = -b**3 - b + 21. What is the units digit of k(t)?
1
Suppose 0 = 3*f + f - 20. Let n be 3/30*42*f. Suppose -3*b - 5*x = -x - n, 2*b - 18 = -4*x. What is the units digit of b?
3
Suppose -4*k = -165 - 23. What is the units digit of k?
7
Suppose -9*o = -1092 - 1878. What is the hundreds digit of o?
3
Suppose 14*w - 13*w - 36 = 0. What is the units digit of w?
6
Suppose 3*d = 2*d + 3*q - 122, -3*d - 296 = 5*q. Let h = d + 152. Suppose -5*j = -3*z - h, 0 = -4*j + 8*j + z - 36. What is the units digit of j?
9
Let q(h) = h**2 + 4*h + 4. Let v be q(-3). Let t(p) be the third derivative of 7*p**6/120 + p**4/24 - p**2. What is the units digit of t(v)?
8
Let i(d) = 4*d - 7. Let w be 12 + 6/3*-1. Let k be i(w). Suppose -2*s = -3*b - k + 7, -5*s + 55 = -5*b. What is the units digit of s?
7
Let g = 62 - 17. What is the tens digit of g?
4
Suppose -6*p = -2*p + 4. Let r be 2/(p*(-4)/10). Suppose -2*n - j = -3*n + 12, -r = -5*j. What is the tens digit of n?
1
Let x = -143 - -204. What is the units digit of x?
1
Suppose 5*d = 2*i + 79, -5*i - 68 = -4*d - i. Suppose -q = -2*q + d. What is the tens digit of q?
1
Let k = 11 + -8. Let d be 35 - (-2 + (2 - 2)). Suppose -k*j + d = 7. What is the tens digit of j?
1
Let b(r) = 17*r**2 - 6*r + 5. What is the hundreds digit of b(3)?
1
Let v = 17 - 14. Suppose -i = r - 22, -8*i + v*i = -3*r + 90. What is the units digit of r?
5
Suppose -474 = -4*a - 134. What is the tens digit of a?
8
Let k(w) = w**3 + 13*w**2 - 15*w - 9. Let z be k(-14). What is the units digit of ((-1)/1)/(z/(-10))?
2
Suppose -4*w = -w - 9. What is the units digit of w/(27/(-6))*-12?
8
Suppose v - 2 = 2. Suppose -5*t = 2*o - v*o + 51, -15 = 3*t. What is the tens digit of o?
1
Let l = 6 + -9. What is the units digit of 14*(l/(-2))/3?
7
Let k(i) = 2*i**3 - i**2 - 3*i + 5. Let g be k(4). Suppose -5*z + 85 + g = 0. Suppose 4*y - 2 = z. What is the units digit of y?
0
Suppose 0 = -5*s, 5*s - 48 = -j + s. What is the units digit of j?
8
Suppose 8*v = 6*v. Suppose -5*k = -v*k - 95. What is the units digit of k?
9
Suppose -90 = 2*l - 7*l + 5*t, 0 = 5*l - 3*t - 80. Suppose 0 = -k - 5*p - 18, 5*p + 3 + l = -2*k. Suppose 0 = -3*o - k*o + 25. What is the units digit of o?
5
Suppose -5*h = -5*s - 130, -s + 6*s - 80 = -5*h. Let u = h - 10. What is the tens digit of u?
1
Let w = 12 - 11. What is the units digit of w?
1
Suppose 5*n = 9 + 6. Suppose 0*q - n*q = -96. What is the tens digit of q?
3
Let z(h) = -h**3 - 12*h**2 + 7*h + 5. What is the units digit of z(-13)?
3
Let f(x) = 2 - 9 - x**2 - 7*x + 9. Let z be f(-7). Suppose 0 = n - 5*n - p + 33, 2*n - 4 = z*p. What is the units digit of n?
7
Let t(g) = -13*g + 6. Let x(p) = -13*p + 5. Let a(y) = -4*t(y) + 3*x(y). Let o be a(6). Suppose 4*k - 56 = 3*s, 5*k - 3*s - o = s. What is the tens digit of k?
1
Suppose -36 = -3*u + 258. What is the units digit of u?
8
Suppose 3*d = -2 - 4, g - 2*d - 7 = 0. Let r be (52/(-6))/((-1)/3). Suppose g*i - 16 = r. What is the units digit of i?
4
Let f(d) = d**2 - 1. Let q be f(-2). Let i(z) = -z**3 + 8*z**2 - 4*z - 1. What is the tens digit of i(q)?
3
Let m(g) = g**3 + g**2 - g - 37. Let i be m(0). Let q = 57 + i. Suppose 0*u + 4*n = 5*u - 36, 0 = 4*u - n - q. What is the units digit of u?
4
Let l = 7 + -6. What is the units digit of l?
1
Suppose -10 + 0 = -5*a. Let g = 25 - 22. Let k = a + g. What is the units digit of k?
5
Let z(c) = -c + 6 - 1 - 1 + c**2. Let q be z(-7). Suppose -o + 6*o - 4*a = q, -2*o - a + 37 = 0. What is the units digit of o?
6
Let j = -17 + 26. Let q be 0 - j - (1 + -2). Let o = -6 - q. What is the units digit of o?
2
Let o(v) = v**3 - 3*v**2 + v + 3. Let u be o(3). Let z be (-5)/((-5)/u) + -2. Suppose -7 = -z*h - 3. What is the units digit of h?
1
What is the tens digit of (8 + -7)/((-1)/(-38))?
3
Let j be (-6)/15*4*-5. Let o = j - -1. What is the units digit of (o + 0)*(-12)/(-18)?
6
Let f be -1 - 0/1 - -3. Suppose -8 = -4*r, 0*n - 4*n + 10 = -r. Suppose -f - n = -w. What is the units digit of w?
5
Let g(p) = -p**2 + 10*p - 8. What is the units digit of g(9)?
1
Let i(n) = n - 6. Let w = 4 - -2. Let f be i(w). What is the units digit of (f + -1)*(-3 + 2)?
1
Let i(f) be the first derivative of f**3/3 + 3*f**2/2 - 7*f + 3. Let j be i(-5). Let m = j + 1. What is the units digit of m?
4
Let b(a) = -2*a + 9. Let m be b(8). What is the tens digit of (-18 + -1)*(m + 6)?
1
Suppose 2*t - 104 = -3*y, 3*t + 4*y - 17 - 140 = 0. What is the tens digit of t?
5
Let v = -27 + 108. Suppose 4*j + v = j. What is the units digit of 1*(-3)/9*j?
9
Suppose -u + 4*u = 96. What is the units digit of u?
2
Let k(t) = t**2 + 2*t + 37. What is the tens digit of k(0)?
3
Let z(g) be the second derivative of g**7/1260 + g**6/720 + g**5/60 + g**4/6 - 3*g. Let y(d) be the third derivative of z(d). What is the units digit of y(-2)?
8
Let t(d) = 4 - 4 - 4*d + d + 9*d**2 - 1. What is the units digit of t(2)?
9
Suppose 0 = -9*m + 11*m - 32. What is the tens digit of m?
1
Let u be (0 + -1)/(-3 + 2). Let z(n) = 4*n**2 - n + 1. What is the units digit of z(u)?
4
Let u(q) = q**2 + 3*q - 3. What is the units digit of u(4)?
5
Let q(i) = i - 5. Let y be q(9). Suppose 14 = y*x - 3*x. What is the tens digit of x?
1
Let t(p) = p + 15*p**2 + 3 - 4 - 3*p**2 + 14*p**2. What is the tens digit of t(1)?
2
Let t(v) = -v - 1. Let l(y) = -y**2 - 4. Let a(j) = l(j) + t(j). Let u be a(-6). What is the tens digit of (-5)/10 + u/(-2)?
1
Let u(c) = 23*c + 2. What is the units digit of u(2)?
8
Suppose -n - 4*j = -11, -3*n - 40 + 5 = -5*j. Let v be (-6)/14 + 468/63. Let u = n + v. What is the units digit of u?
2
Let o(m) = 3*m**2 - 6*m - 1. Let j(n) = -n**2 - n - 1. Let p(k) = -2*j(k) - o(k). What is the tens digit of p(6)?
1
Suppose 0 = -4*w + 50 + 126. Suppose 4*y - w = -3*f + 9, -5*y + 85 = 5*f. Suppose q = -4*q + f. What is the units digit of q?
3
Let f(s) = -3*s + 26. What is the tens digit of f(-9)?
5
Let v(k) = k**3 + 13*k**2 + 16*k + 43. What is the tens digit of v(-11)?
0
Let x = 0 + 8. Let s = x + -6. Suppose s*j + 2*j = 16. What is the units digit of j?
4
Suppose 4*m = -5*u + 179, -2*m + 229 = 2*m - 5*u. What is the tens digit of m?
5
Let g = -70 + 104. What is the tens digit of g?
3
Suppose 10 = 2*x, -5*h - 2*x = -10*h + 15. Suppose -4*p = h*m - 11, -2*m - 3*p = -2*p - 5. Let u(f) = 3*f + 3. What is the tens digit of u(m)?
1
Let i(n) = -3*n**3 - 2*n**2 + 1. Let c be i(-1). Suppose 0 = c*p - 0*p - 28. What is the units digit of p?
4
Let o be ((-276)/(-16))/(2/(-8)). Let b = -39 - o. What is the tens digit of b?
3
Let z(v) = -v**3 + v**2 + v + 16. Let p(u) = -u**2. Let j be p(0). What is the tens digit of z(j)?
1
Suppose 0 = 2*o + o - 6. Suppose 3 - 14 = -o*u + h, 2*u + 4*h - 6 = 0. Suppose -3*l = -u*j + 75, -l + 14 = -5*j + 79. What is the units digit of j?
2
Suppose 2*p - 82 + 19 = -3*n, -4*n = -2*p - 98. Suppose 5*k - 22 = n. What is the units digit of k*(-3 + 12/3)?
9
Let b = -6 + 14. Let x(g) = 1 - 5 + 3 + b*g. What is the units digit of x(1)?
7
Suppose -10 = -4*x - 2. Suppose 3*c - 7 = -x*m, 2*m = -c - m - 7. What is the units digit